en 23 is divided by b.
11
Suppose -4*h = -2*h - 20. Calculate the remainder when 16 is divided by h.
6
What is the remainder when (2/(-4))/((-1)/46) is divided by 8?
7
Let h = -55 - -88. Calculate the remainder when 164 is divided by h.
32
Let x(t) = -13*t**3 + t**2 - 2*t - 1. What is the remainder when x(-2) is divided by 28?
27
Suppose -5 = -p - 2. Calculate the remainder when 9/p*(3 + 7) is divided by 8.
6
Let b(p) = 2*p**2 - 17*p + 11. What is the remainder when 7 is divided by b(8)?
1
Suppose 22*g = 25*g - 75. Suppose -45 = -5*j - 0*j. Calculate the remainder when g is divided by j.
7
Suppose 0 = 3*u - 6 + 3. Suppose 0 = -4*t - 2*p + 6, 0 = 2*t + t - 4*p - 10. Calculate the remainder when t is divided by u.
0
Calculate the remainder when 65 + 1/(-2*(-1)/(-6)) is divided by 21.
20
Suppose 5*k = -3*o + 73, -2*k - k = -5*o + 99. What is the remainder when o is divided by 8?
5
Let f be -6*((-21)/(-9) - 3). Let l(r) = 4*r**2 - 4*r. Calculate the remainder when l(f) is divided by 17.
14
Let h(z) = -2*z**3 - 2*z**2 - 4*z - 2. Let s be h(-4). Suppose -4*k + 42 = -s. Let w = 66 - k. What is the remainder when w is divided by 15?
13
Let h(f) = -2*f**3 + f**2 - 1. Let s be h(-1). Suppose 0 = -3*b - s*b. Let n = b + 6. What is the remainder when 23 is divided by n?
5
Suppose 2788 = 5*f + 768. Suppose 5*j + f = -4*o + 50, -3*j + 5*o - 205 = 0. Let r = -27 - j. Calculate the remainder when r is divided by 15.
13
What is the remainder when 69 is divided by 22 - (4 - (-12)/(-2))?
21
Suppose 3*o + 6 = -0*o. Let z = o - -17. Calculate the remainder when 58 is divided by z.
13
Suppose d - 3*d = 38. Calculate the remainder when (d/3 + 3)*-15 is divided by 13.
11
Let a = -5 + 10. Suppose -a*w - o = 3*o - 25, 2*w = -2*o + 10. What is the remainder when w is divided by 2?
1
Suppose -4*g - 7 = -55. What is the remainder when 21 is divided by g?
9
Let q(a) = 3*a**2 + 2*a + 5. Calculate the remainder when q(3) is divided by 10.
8
Suppose k + 0 = 1. Suppose k = -b + 2. What is the remainder when 4 is divided by b?
0
Calculate the remainder when 227 is divided by 678/36 + 4/(48/2).
18
Suppose 4*h - j = 533, 0 = -2*h + 3*j + 2*j + 253. Calculate the remainder when h is divided by 34.
32
Suppose -4*u = -8*u. Suppose 2*q = 5*x + 320, 0*q + 2*q + 4*x - 320 = u. Suppose -5*k = -k - q. Calculate the remainder when k is divided by 14.
12
Let m = -6 + 8. Suppose 0*p - 14 = -m*p. What is the remainder when 19 is divided by p?
5
Suppose 5*a + 4*k = 22, 3*k - 5 = -0*a + 2*a. Suppose a*z = -3*z + 110. Let s(t) = t + 3. What is the remainder when z is divided by s(5)?
6
Suppose -2*t - 5*f + 8*f = -27, -t = 2*f - 10. Calculate the remainder when 21 is divided by t.
9
Let b(o) = 2*o + 1. Let j be (4/(-6))/((-10)/(-255)). What is the remainder when -14 - j - (-1 - 16) is divided by b(3)?
6
Let v = 86 - -1. What is the remainder when v is divided by 22?
21
Suppose 0*i - 35 = -5*i. Suppose 0*r - i = -r. Calculate the remainder when r is divided by 3.
1
Suppose 5*n - 12 = 2*w, -2*n = -4*w - 1 + 9. What is the remainder when (134/n)/((-7)/(-14)) is divided by 17?
16
Let s(i) = 2*i**2 - 5*i + 1. Let j be 702/(-8) + (-18)/(-24). Let h = -51 - j. Calculate the remainder when h is divided by s(4).
10
What is the remainder when -38*(1 - 3/2) is divided by (40/(-6))/((-20)/30)?
9
Let i(w) = -w**2 - 22*w + 9. What is the remainder when 79 is divided by i(-22)?
7
Suppose 4*n + 23 = 6*n + f, 2*n - 8 = 2*f. What is the remainder when 61 is divided by n?
7
Let f = 23 + 2. What is the remainder when 98 is divided by f?
23
Suppose 0 = -5*f + c - 1, 3*f + 2 = 2*c - 0. Suppose -6*k + b = -2*k - 58, f = -3*k - 2*b + 38. What is the remainder when 52 is divided by k?
10
Suppose -3*l + 24 - 6 = -g, 3*g + 26 = 5*l. Suppose u + 2*u = 177. Let d = u + -33. Calculate the remainder when d is divided by l.
5
Calculate the remainder when (-1)/((-12)/(-54) + 35/(-117)) is divided by 2.
1
Let x be (-25)/(-3) - 3/9. Suppose 0 = m + 5*w - 46 + 13, -x = -2*w. Let q = -31 - -38. What is the remainder when m is divided by q?
6
Suppose -2*u - 4*q + 8 = 0, 8 = u - 4*q - 2. Calculate the remainder when u is divided by 4.
2
Let f be (8/5)/((-2)/(-5)). Let w(v) = -1 + 4*v**3 - 2 + v**2 - 3*v + f. What is the remainder when w(2) is divided by 11?
9
Suppose 3*o + 4*t = 97, -42 = -3*o - 5*t + 53. Calculate the remainder when o is divided by 13.
9
What is the remainder when 0 + 2 - -39*1 is divided by (15 + -10)*28/10?
13
Suppose -9*b - 247 = -1651. Calculate the remainder when b is divided by 32.
28
Suppose 0 = -7*i + 4*i + 207. Let g = -20 - -38. Calculate the remainder when i is divided by g.
15
Let b be (-17)/(-2) - 9/18. Suppose -b = -n + 12. What is the remainder when n is divided by 11?
9
Let j(l) = -3*l - 3. Let z(u) = -u**3 + 6*u**2 + 6*u - 12. What is the remainder when z(5) is divided by j(-6)?
13
Let h(p) = -26*p - 1. Calculate the remainder when h(-1) is divided by 14.
11
Let t(a) = -2*a**2 + 1. Let n be t(-3). Let w(m) = -m**2 - 10*m. Calculate the remainder when (-1)/(1 + 0) - n is divided by w(-9).
7
Suppose 2*w - 2 = -6*u + u, 4*u - 4 = -w. Suppose -u*a - 6 = -3*a. What is the remainder when 15 is divided by a?
3
Let a = 87 - 71. Calculate the remainder when a is divided by 2.
0
Suppose -4*s + 5*w + 457 + 242 = 0, 12 = -4*w. Suppose -s = -5*d + 49. Calculate the remainder when d is divided by 15.
14
Let s = 228 - 124. Suppose 0*a + 4*a = s. Let h = a + -18. Calculate the remainder when 14 is divided by h.
6
Let f(t) = -t**3 - 2*t**2 - 3. Let k(u) = -u - 11. Let c be k(-8). Calculate the remainder when f(c) is divided by 4.
2
Suppose 4*s - 88 = 4*u, -5*s + 17 = -4*u - 97. Let k(v) = -v**2 + 2*v + 7. What is the remainder when s is divided by k(0)?
5
Let g(b) = -b - 4. Let d be g(-3). Calculate the remainder when (3 + d)/((-6)/(-51)) is divided by -1 - (-16 + 2)/2.
5
Calculate the remainder when -2 - 13/(4/(-4)) is divided by 3.
2
Suppose 5*y - 4*v + 0*v = 373, 5*v + 83 = y. Calculate the remainder when y is divided by 19.
16
Let a = 44 - 31. Calculate the remainder when 24 is divided by a.
11
Let b = 31 - -11. Calculate the remainder when b is divided by 11.
9
Suppose 5*n - 220 = -5*b, -2*b - 217 = -5*n - 4*b. What is the remainder when n is divided by 22?
21
Let s(b) = 6*b - 4. Calculate the remainder when s(7) is divided by 4/(-18) + 119/9.
12
Let b = -23 - -35. Suppose f - 2*c = 8, f = 3*c + 15 - 6. Let v(d) = 5*d + 4. What is the remainder when v(f) is divided by b?
10
Calculate the remainder when (-2)/(-4)*(132 + -3 + 5) is divided by 19.
10
Suppose -4*b - 8 = -48. Calculate the remainder when 27 is divided by b.
7
Let g(d) = d + 4. Let a be g(0). What is the remainder when 41 is divided by 12 + (-3 + -1)/a?
8
Suppose 112 - 44 = 4*d. Suppose 2*o - 46 = -h + 2*h, h = -o + d. Let u = -53 - -114. Calculate the remainder when u is divided by o.
19
Let a = 5 - -11. Let h = 19 - 11. What is the remainder when (-3)/3 + a + 0 is divided by h?
7
Let o(h) = h**2 - h. Suppose -4*k = -k. Suppose 2*a + 3 + 1 = k. Calculate the remainder when o(a) is divided by 4.
2
Suppose 0*o + 4*p - 280 = -2*o, -416 = -3*o - 5*p. Suppose 0 = 4*d - o - 152. What is the remainder when d is divided by 24?
23
Let t = 23 + -32. Calculate the remainder when (-2)/t + 421/9 is divided by 12.
11
Let u(f) = -f**3 - 4*f**2 - f + 2. What is the remainder when u(-4) is divided by 5?
1
Suppose w - 72 = -2*w. What is the remainder when 94 is divided by w?
22
Suppose -452*b + 35 = -447*b. Suppose -d = 2*d - 18. Calculate the remainder when b is divided by d.
1
Let q(i) = i**3 - 4*i**2 + 3. Let u(y) = -y**3 - 10*y**2 - 9*y + 7. Let z be u(-9). Suppose 16 = z*a - 5*a. What is the remainder when a is divided by q(4)?
2
Let n = 120 + -46. Calculate the remainder when n is divided by 15.
14
Suppose 13 = -2*t + 57. Let k = t + -15. Calculate the remainder when k is divided by 1 + 5/((-15)/(-6)).
1
Suppose -2*p = -4*w + 16, 5*w + 2*p + 2 = 31. Let n(b) = -5*b + 2. What is the remainder when n(-2) is divided by w?
2
Let a(z) = -z - 2. Calculate the remainder when 34 is divided by a(-7).
4
Let k = 1 + 11. Suppose 5*t - 55 = 4*g, 3*t - 5*g - 32 = 2*t. Calculate the remainder when k is divided by t.
5
Let g = 38 - 18. Suppose -2*s - 2*s + g = 0. Suppose 